{"id":65,"date":"2017-09-15T15:35:45","date_gmt":"2017-09-15T13:35:45","guid":{"rendered":"http:\/\/f4hfk.info\/?page_id=65"},"modified":"2017-09-15T17:10:06","modified_gmt":"2017-09-15T15:10:06","slug":"alimentation-7-4-volts-pour-baofeng-uv5r","status":"publish","type":"page","link":"https:\/\/f4hfk.info\/index.php\/alimentation-7-4-volts-pour-baofeng-uv5r\/","title":{"rendered":"Alimentation 7.4 V Baofeng UV5R"},"content":{"rendered":"<p>Ayant achet\u00e9 \u00e0 pas cher quelque part sur la plan\u00e8te un adaptateur alimentation 12 v pour UV5R Baofeng, j&#8217;ai une fois de plus v\u00e9rifier l&#8217;adage &#8220;Dans la vie, on en a toujours pour son argent&#8221;<\/p>\n<p>Effectivement, peu de temps apr\u00e8s la mise en service de cet adaptateur le Baofeng s&#8217;est arr\u00eat\u00e9.<\/p>\n<p>Contr\u00f4le sommaire\u00a0 12V en ent\u00e9e et z\u00e9ro en sortie. Ouverture au couteau et cutter du boitier et la d\u00e9couverte du mat\u00e9riel.<\/p>\n<p>Un r\u00e9gulateur 8V avec une diode en s\u00e9rie pour chuter \u00e0 7.4 V ou 7.5 V et surtout un radiateur confetti. Tellement confetti que le radiateur avait fait fondre le plastique noir du boitier. Condensateur chimique de filtrage trop petit.<\/p>\n<p>Donc j&#8217;ai revu le montage avec un LM317 qui passe 1.5 A bien refroidi avec un radiateur plus cons\u00e9quent.<\/p>\n<p><img loading=\"lazy\" decoding=\"async\" class=\"alignnone wp-image-79 \" src=\"http:\/\/f4hfk.info\/wp-content\/uploads\/2017\/09\/diagram_adaptateur_baofeng_UV5R_bis.jpg\" alt=\"\" width=\"694\" height=\"344\" srcset=\"https:\/\/f4hfk.info\/wp-content\/uploads\/2017\/09\/diagram_adaptateur_baofeng_UV5R_bis.jpg 984w, https:\/\/f4hfk.info\/wp-content\/uploads\/2017\/09\/diagram_adaptateur_baofeng_UV5R_bis-300x149.jpg 300w, https:\/\/f4hfk.info\/wp-content\/uploads\/2017\/09\/diagram_adaptateur_baofeng_UV5R_bis-768x381.jpg 768w\" sizes=\"auto, (max-width: 694px) 100vw, 694px\" \/><\/p>\n<p>Voici ci-dessous les \u00e9l\u00e9ments anciens et nouveaux \u00e0 int\u00e9grer.<\/p>\n<p><img loading=\"lazy\" decoding=\"async\" class=\"alignnone size-medium wp-image-71\" src=\"http:\/\/f4hfk.info\/wp-content\/uploads\/2017\/09\/Alim_OldPlaque-300x223.jpg\" alt=\"\" width=\"300\" height=\"223\" srcset=\"https:\/\/f4hfk.info\/wp-content\/uploads\/2017\/09\/Alim_OldPlaque-300x223.jpg 300w, https:\/\/f4hfk.info\/wp-content\/uploads\/2017\/09\/Alim_OldPlaque-768x570.jpg 768w, https:\/\/f4hfk.info\/wp-content\/uploads\/2017\/09\/Alim_OldPlaque.jpg 984w\" sizes=\"auto, (max-width: 300px) 100vw, 300px\" \/>\u00a0 <img loading=\"lazy\" decoding=\"async\" class=\"alignnone wp-image-73\" src=\"http:\/\/f4hfk.info\/wp-content\/uploads\/2017\/09\/Alim_CI_decoupe-300x248.jpg\" alt=\"\" width=\"273\" height=\"226\" srcset=\"https:\/\/f4hfk.info\/wp-content\/uploads\/2017\/09\/Alim_CI_decoupe-300x248.jpg 300w, https:\/\/f4hfk.info\/wp-content\/uploads\/2017\/09\/Alim_CI_decoupe-768x635.jpg 768w, https:\/\/f4hfk.info\/wp-content\/uploads\/2017\/09\/Alim_CI_decoupe-1024x847.jpg 1024w, https:\/\/f4hfk.info\/wp-content\/uploads\/2017\/09\/Alim_CI_decoupe.jpg 1251w\" sizes=\"auto, (max-width: 273px) 100vw, 273px\" \/><\/p>\n<p>Ci-dessous les liens vers les circuits imprim\u00e9s en normal ou reverse selon comment vous sortez votre Circuit imprim\u00e9. Faire clic droit\u00a0 et\u00a0 &#8220;Enregistrer la cible du lien sous&#8230;&#8221;<\/p>\n<p>Taille : 46 x 36 mm<\/p>\n<p><a href=\"http:\/\/f4hfk.info\/wp-content\/uploads\/2017\/09\/Adaptateur_Alim_BAOFENG.jpg\" target=\"_blank\" rel=\"noopener noreferrer\">Typon_Normal<\/a>\u00a0\u00a0 <a href=\"http:\/\/f4hfk.info\/wp-content\/uploads\/2017\/09\/Adaptateur_Alim_BAOFENG_reverse.jpg\" target=\"_blank\" rel=\"noopener noreferrer\">Typon_Reverse<\/a><\/p>\n<p>Personnellement, j&#8217;imprime mes typons sur A4 blanc en laser mais en contrastant un maximum puis je passe a l&#8217;huile de paraffine. Donc comme je souhaite que la partie imprim\u00e9e en laser touche la couche de pr\u00e9-sensibilisation de la plaque epoxy pour des bords de piste plus nets alors j&#8217;imprime en reverse.<\/p>\n<p>Implantation des composants<\/p>\n<p><img loading=\"lazy\" decoding=\"async\" class=\"alignnone wp-image-90 \" src=\"http:\/\/f4hfk.info\/wp-content\/uploads\/2017\/09\/Adaptateur_Alim_BAOFENG_reverse_IMPLANTATION_150dpi.jpg\" alt=\"\" width=\"612\" height=\"575\" srcset=\"https:\/\/f4hfk.info\/wp-content\/uploads\/2017\/09\/Adaptateur_Alim_BAOFENG_reverse_IMPLANTATION_150dpi.jpg 1181w, https:\/\/f4hfk.info\/wp-content\/uploads\/2017\/09\/Adaptateur_Alim_BAOFENG_reverse_IMPLANTATION_150dpi-300x282.jpg 300w, https:\/\/f4hfk.info\/wp-content\/uploads\/2017\/09\/Adaptateur_Alim_BAOFENG_reverse_IMPLANTATION_150dpi-768x722.jpg 768w, https:\/\/f4hfk.info\/wp-content\/uploads\/2017\/09\/Adaptateur_Alim_BAOFENG_reverse_IMPLANTATION_150dpi-1024x962.jpg 1024w\" sizes=\"auto, (max-width: 612px) 100vw, 612px\" \/><\/p>\n<p>Montage fini<\/p>\n<p><img loading=\"lazy\" decoding=\"async\" class=\"alignnone wp-image-74\" src=\"http:\/\/f4hfk.info\/wp-content\/uploads\/2017\/09\/Alim_UV5R_Finie-300x191.jpg\" alt=\"\" width=\"419\" height=\"267\" srcset=\"https:\/\/f4hfk.info\/wp-content\/uploads\/2017\/09\/Alim_UV5R_Finie-300x191.jpg 300w, https:\/\/f4hfk.info\/wp-content\/uploads\/2017\/09\/Alim_UV5R_Finie-768x489.jpg 768w, https:\/\/f4hfk.info\/wp-content\/uploads\/2017\/09\/Alim_UV5R_Finie.jpg 984w\" sizes=\"auto, (max-width: 419px) 100vw, 419px\" \/><\/p>\n<p>&nbsp;<\/p>\n<p>&nbsp;<\/p>\n<p>&nbsp;<\/p>\n","protected":false},"excerpt":{"rendered":"<p>Ayant achet\u00e9 \u00e0 pas cher quelque part sur la plan\u00e8te un adaptateur alimentation 12 v pour UV5R Baofeng, j&#8217;ai une fois de plus v\u00e9rifier l&#8217;adage &#8220;Dans la vie, on en a toujours pour son argent&#8221; Effectivement, peu de temps apr\u00e8s la mise en service de cet adaptateur le Baofeng s&#8217;est arr\u00eat\u00e9. Contr\u00f4le sommaire\u00a0 12V en [&hellip;]<\/p>\n","protected":false},"author":1,"featured_media":0,"parent":0,"menu_order":0,"comment_status":"closed","ping_status":"closed","template":"","meta":{"footnotes":""},"class_list":["post-65","page","type-page","status-publish","hentry","post"],"_links":{"self":[{"href":"https:\/\/f4hfk.info\/index.php\/wp-json\/wp\/v2\/pages\/65","targetHints":{"allow":["GET"]}}],"collection":[{"href":"https:\/\/f4hfk.info\/index.php\/wp-json\/wp\/v2\/pages"}],"about":[{"href":"https:\/\/f4hfk.info\/index.php\/wp-json\/wp\/v2\/types\/page"}],"author":[{"embeddable":true,"href":"https:\/\/f4hfk.info\/index.php\/wp-json\/wp\/v2\/users\/1"}],"replies":[{"embeddable":true,"href":"https:\/\/f4hfk.info\/index.php\/wp-json\/wp\/v2\/comments?post=65"}],"version-history":[{"count":18,"href":"https:\/\/f4hfk.info\/index.php\/wp-json\/wp\/v2\/pages\/65\/revisions"}],"predecessor-version":[{"id":96,"href":"https:\/\/f4hfk.info\/index.php\/wp-json\/wp\/v2\/pages\/65\/revisions\/96"}],"wp:attachment":[{"href":"https:\/\/f4hfk.info\/index.php\/wp-json\/wp\/v2\/media?parent=65"}],"curies":[{"name":"wp","href":"https:\/\/api.w.org\/{rel}","templated":true}]}}