{"id":200,"date":"2024-02-11T16:13:06","date_gmt":"2024-02-11T15:13:06","guid":{"rendered":"https:\/\/f4hfk.info\/?page_id=200"},"modified":"2024-02-11T17:47:33","modified_gmt":"2024-02-11T16:47:33","slug":"remise-en-etat-dun-yaesu-ft-900","status":"publish","type":"page","link":"https:\/\/f4hfk.info\/index.php\/remise-en-etat-dun-yaesu-ft-900\/","title":{"rendered":"Remise en \u00e9tat d&#8217;un YAESU FT-900"},"content":{"rendered":"\n<figure class=\"wp-block-image size-full\"><img loading=\"lazy\" decoding=\"async\" width=\"792\" height=\"359\" src=\"https:\/\/f4hfk.info\/wp-content\/uploads\/2024\/02\/vue_commerciale_ft-900.png\" alt=\"\" class=\"wp-image-211\" srcset=\"https:\/\/f4hfk.info\/wp-content\/uploads\/2024\/02\/vue_commerciale_ft-900.png 792w, https:\/\/f4hfk.info\/wp-content\/uploads\/2024\/02\/vue_commerciale_ft-900-300x136.png 300w, https:\/\/f4hfk.info\/wp-content\/uploads\/2024\/02\/vue_commerciale_ft-900-768x348.png 768w\" sizes=\"auto, (max-width: 792px) 100vw, 792px\" \/><\/figure>\n\n\n\n<p>Un petit challenge re\u00e7u par Eric F4INR le jour de la galette des rois 2024&#8230;<\/p>\n\n\n\n<p>Effectivement Eric me dit &#8221; Il est tomb\u00e9 et il ne donne des signes de vie que lorsque la fa\u00e7ade est un peu contrainte&#8230;Si tu arrives \u00e0 le r\u00e9parer tu le donneras \u00e0 Lola si elle r\u00e9ussit son examen de licence Radioamateur&#8230;&#8221;<\/p>\n\n\n\n<p>OK &#8230; Je quitte Aunay-sur-Odon avec le carton sous le bras et arriv\u00e9 \u00e0 la maison, je le remise.<\/p>\n\n\n\n<p>La curiosit\u00e9 me pousse \u00e0 ouvrir le TRX d\u00e9j\u00e0 entrouvert. <\/p>\n\n\n\n<p>Alors m\u00eame constat qu&#8217;Eric si je tord un peu le circuit de la fa\u00e7ade il y a un peu de vie.<\/p>\n\n\n\n<p>Apr\u00e8s analyse du PCB, je vois que le circuit est fendu et donc les pistes qui passent par cet endroit sont coup\u00e9es. Six d&#8217;un c\u00f4t\u00e9 du trou de passage de l&#8217;encoder et deux coupures de l&#8217;autre c\u00f4t\u00e9.<\/p>\n\n\n\n<figure class=\"wp-block-image size-full\"><img loading=\"lazy\" decoding=\"async\" width=\"824\" height=\"992\" src=\"https:\/\/f4hfk.info\/wp-content\/uploads\/2024\/02\/piste_coupee_1.jpg\" alt=\"\" class=\"wp-image-235\" srcset=\"https:\/\/f4hfk.info\/wp-content\/uploads\/2024\/02\/piste_coupee_1.jpg 824w, https:\/\/f4hfk.info\/wp-content\/uploads\/2024\/02\/piste_coupee_1-249x300.jpg 249w, https:\/\/f4hfk.info\/wp-content\/uploads\/2024\/02\/piste_coupee_1-768x925.jpg 768w\" sizes=\"auto, (max-width: 824px) 100vw, 824px\" \/><\/figure>\n\n\n\n<p>Je recompose les pistes les plus \u00e9paisses et relie les plus fines d&#8217;un point de soudure \u00e0 un autre point de soudure.<\/p>\n\n\n\n<figure class=\"wp-block-image size-large\"><img loading=\"lazy\" decoding=\"async\" width=\"957\" height=\"1024\" src=\"https:\/\/f4hfk.info\/wp-content\/uploads\/2024\/02\/piste_coupee_reparee-957x1024.jpg\" alt=\"\" class=\"wp-image-236\" srcset=\"https:\/\/f4hfk.info\/wp-content\/uploads\/2024\/02\/piste_coupee_reparee-957x1024.jpg 957w, https:\/\/f4hfk.info\/wp-content\/uploads\/2024\/02\/piste_coupee_reparee-280x300.jpg 280w, https:\/\/f4hfk.info\/wp-content\/uploads\/2024\/02\/piste_coupee_reparee-768x821.jpg 768w, https:\/\/f4hfk.info\/wp-content\/uploads\/2024\/02\/piste_coupee_reparee.jpg 992w\" sizes=\"auto, (max-width: 957px) 100vw, 957px\" \/><\/figure>\n\n\n\n<p>Essai OK le TRX s&#8217;allume.<\/p>\n\n\n\n<figure class=\"wp-block-image size-full\"><img loading=\"lazy\" decoding=\"async\" width=\"850\" height=\"392\" src=\"https:\/\/f4hfk.info\/wp-content\/uploads\/2024\/02\/TRX_vie_site.jpg\" alt=\"\" class=\"wp-image-214\" srcset=\"https:\/\/f4hfk.info\/wp-content\/uploads\/2024\/02\/TRX_vie_site.jpg 850w, https:\/\/f4hfk.info\/wp-content\/uploads\/2024\/02\/TRX_vie_site-300x138.jpg 300w, https:\/\/f4hfk.info\/wp-content\/uploads\/2024\/02\/TRX_vie_site-768x354.jpg 768w\" sizes=\"auto, (max-width: 850px) 100vw, 850px\" \/><\/figure>\n\n\n\n<p>Test de tous les boutons et changement de fr\u00e9quences &#8230; <\/p>\n\n\n\n<p>Rotation du vernier VFO ==> Rien pas changement de fr\u00e9quence   \ud83d\ude41 <\/p>\n\n\n\n<p>Type d&#8217;encoder COPAL RMS20-250-201-1K<\/p>\n\n\n\n<figure class=\"wp-block-image size-full\"><img loading=\"lazy\" decoding=\"async\" width=\"567\" height=\"445\" src=\"https:\/\/f4hfk.info\/wp-content\/uploads\/2024\/02\/COPAL_ident.jpg\" alt=\"\" class=\"wp-image-215\" srcset=\"https:\/\/f4hfk.info\/wp-content\/uploads\/2024\/02\/COPAL_ident.jpg 567w, https:\/\/f4hfk.info\/wp-content\/uploads\/2024\/02\/COPAL_ident-300x235.jpg 300w\" sizes=\"auto, (max-width: 567px) 100vw, 567px\" \/><\/figure>\n\n\n\n<p>Impossible de trouver cette pi\u00e8ce sur le web&#8230; avec la r\u00e9f\u00e9rence 1K au bout signifiant axe 6 mm rond<\/p>\n\n\n\n<p>D\u00e9montage et analyse de l&#8217;encoder. C&#8217;est un encoder de type magn\u00e9tique deux canaux. Capteur \u00e0 effet hall 4 broches suivi d&#8217;un lm393 qui transforme les sinuso\u00efdales en signaux carr\u00e9s.<\/p>\n\n\n\n<p>L&#8217;oscilloscope m&#8217;indique qu&#8217;un des deux canaux du capteur ne donne pas de sinuso\u00efdale. R\u00e9f\u00e9rence du capteur M77i ou M771. Et l\u00e0 encore rien sur le web. <\/p>\n\n\n\n<p>Je commande des E49 capteur simple 3 broches&#8230; Apr\u00e8s r\u00e9ception test avec deux capteurs et d\u00e9ception. En effet les p\u00f4les des quatre aimants de la roue ne sont pas dans le bon sens. Je r\u00e9alise le pcb taille mini pour qu&#8217;il rentre en lieu et place du M77. et je pose un aimant orient\u00e9 selon le p\u00f4le attendu et la fr\u00e9quence s&#8217;est mise \u00e0 descendre ou monter.<\/p>\n\n\n\n<figure class=\"wp-block-image size-full\"><img loading=\"lazy\" decoding=\"async\" width=\"850\" height=\"1007\" src=\"https:\/\/f4hfk.info\/wp-content\/uploads\/2024\/02\/2capteurs_avec1_aimant.jpg\" alt=\"\" class=\"wp-image-219\" srcset=\"https:\/\/f4hfk.info\/wp-content\/uploads\/2024\/02\/2capteurs_avec1_aimant.jpg 850w, https:\/\/f4hfk.info\/wp-content\/uploads\/2024\/02\/2capteurs_avec1_aimant-253x300.jpg 253w, https:\/\/f4hfk.info\/wp-content\/uploads\/2024\/02\/2capteurs_avec1_aimant-768x910.jpg 768w\" sizes=\"auto, (max-width: 850px) 100vw, 850px\" \/><\/figure>\n\n\n\n<figure class=\"wp-block-image size-full\"><img loading=\"lazy\" decoding=\"async\" width=\"655\" height=\"992\" src=\"https:\/\/f4hfk.info\/wp-content\/uploads\/2024\/02\/Capteur_et_platine.jpg\" alt=\"\" class=\"wp-image-222\" srcset=\"https:\/\/f4hfk.info\/wp-content\/uploads\/2024\/02\/Capteur_et_platine.jpg 655w, https:\/\/f4hfk.info\/wp-content\/uploads\/2024\/02\/Capteur_et_platine-198x300.jpg 198w\" sizes=\"auto, (max-width: 655px) 100vw, 655px\" \/><\/figure>\n\n\n\n<p>Il fallait maintenant tout int\u00e9grer et coller deux aimants sur la roue.<\/p>\n\n\n\n<p>Travail d&#8217;orf\u00e8vrerie &#8230; et int\u00e9gration termin\u00e9e.<\/p>\n\n\n\n<figure class=\"wp-block-image size-full\"><img loading=\"lazy\" decoding=\"async\" width=\"992\" height=\"1020\" src=\"https:\/\/f4hfk.info\/wp-content\/uploads\/2024\/02\/vue_detaillee_1.jpg\" alt=\"\" class=\"wp-image-225\" srcset=\"https:\/\/f4hfk.info\/wp-content\/uploads\/2024\/02\/vue_detaillee_1.jpg 992w, https:\/\/f4hfk.info\/wp-content\/uploads\/2024\/02\/vue_detaillee_1-292x300.jpg 292w, https:\/\/f4hfk.info\/wp-content\/uploads\/2024\/02\/vue_detaillee_1-768x790.jpg 768w\" sizes=\"auto, (max-width: 992px) 100vw, 992px\" \/><\/figure>\n\n\n\n<figure class=\"wp-block-image size-large\"><img loading=\"lazy\" decoding=\"async\" width=\"929\" height=\"1024\" src=\"https:\/\/f4hfk.info\/wp-content\/uploads\/2024\/02\/vue_detaillee_2-929x1024.jpg\" alt=\"\" class=\"wp-image-226\" srcset=\"https:\/\/f4hfk.info\/wp-content\/uploads\/2024\/02\/vue_detaillee_2-929x1024.jpg 929w, https:\/\/f4hfk.info\/wp-content\/uploads\/2024\/02\/vue_detaillee_2-272x300.jpg 272w, https:\/\/f4hfk.info\/wp-content\/uploads\/2024\/02\/vue_detaillee_2-768x847.jpg 768w, https:\/\/f4hfk.info\/wp-content\/uploads\/2024\/02\/vue_detaillee_2.jpg 992w\" sizes=\"auto, (max-width: 929px) 100vw, 929px\" \/><\/figure>\n\n\n\n<p>Remontage et essais concluants VFO ok<\/p>\n\n\n\n<p>Reste encore la prise du micro c\u00f4t\u00e9 TRX. Elle ne tient plus dans le logement. Prise de type RJ45 &#8220;fatigu\u00e9e&#8221; \u00e0 force de d\u00e9branchement rebranchement.<\/p>\n\n\n\n<figure class=\"wp-block-image size-full\"><img loading=\"lazy\" decoding=\"async\" width=\"992\" height=\"583\" src=\"https:\/\/f4hfk.info\/wp-content\/uploads\/2024\/02\/prise_RJ45_cassee.jpg\" alt=\"\" class=\"wp-image-227\" srcset=\"https:\/\/f4hfk.info\/wp-content\/uploads\/2024\/02\/prise_RJ45_cassee.jpg 992w, https:\/\/f4hfk.info\/wp-content\/uploads\/2024\/02\/prise_RJ45_cassee-300x176.jpg 300w, https:\/\/f4hfk.info\/wp-content\/uploads\/2024\/02\/prise_RJ45_cassee-768x451.jpg 768w\" sizes=\"auto, (max-width: 992px) 100vw, 992px\" \/><\/figure>\n\n\n\n<p>Heureusement que ce n&#8217;est pas une prise moul\u00e9e au niveau du capuchon.<\/p>\n\n\n\n<p>Prise neuve et le poste repart vers de nouvelles aventures&#8230;<\/p>\n","protected":false},"excerpt":{"rendered":"<p>Un petit challenge re\u00e7u par Eric F4INR le jour de la galette des rois 2024&#8230; Effectivement Eric me dit &#8221; Il est tomb\u00e9 et il ne donne des signes de vie que lorsque la fa\u00e7ade est un peu contrainte&#8230;Si tu arrives \u00e0 le r\u00e9parer tu le donneras \u00e0 Lola si elle r\u00e9ussit son examen de [&hellip;]<\/p>\n","protected":false},"author":1,"featured_media":0,"parent":0,"menu_order":0,"comment_status":"closed","ping_status":"closed","template":"","meta":{"footnotes":""},"class_list":["post-200","page","type-page","status-publish","hentry","post"],"_links":{"self":[{"href":"https:\/\/f4hfk.info\/index.php\/wp-json\/wp\/v2\/pages\/200","targetHints":{"allow":["GET"]}}],"collection":[{"href":"https:\/\/f4hfk.info\/index.php\/wp-json\/wp\/v2\/pages"}],"about":[{"href":"https:\/\/f4hfk.info\/index.php\/wp-json\/wp\/v2\/types\/page"}],"author":[{"embeddable":true,"href":"https:\/\/f4hfk.info\/index.php\/wp-json\/wp\/v2\/users\/1"}],"replies":[{"embeddable":true,"href":"https:\/\/f4hfk.info\/index.php\/wp-json\/wp\/v2\/comments?post=200"}],"version-history":[{"count":12,"href":"https:\/\/f4hfk.info\/index.php\/wp-json\/wp\/v2\/pages\/200\/revisions"}],"predecessor-version":[{"id":238,"href":"https:\/\/f4hfk.info\/index.php\/wp-json\/wp\/v2\/pages\/200\/revisions\/238"}],"wp:attachment":[{"href":"https:\/\/f4hfk.info\/index.php\/wp-json\/wp\/v2\/media?parent=200"}],"curies":[{"name":"wp","href":"https:\/\/api.w.org\/{rel}","templated":true}]}}